r when (-3)/(-12) - 131/(-4) is divided by r(-4).
9
Let l = 7 - -15. Suppose 25 = -5*p, 5*p = k - 25 - 42. What is the remainder when k is divided by l?
20
Suppose -4*x + 24 = -0*x. Calculate the remainder when 52 is divided by x.
4
Let r = 2 + -3. Let h(d) = d + 7. What is the remainder when h(6) is divided by (r + -6)/(-6 - -5)?
6
Let s be (10 - 1)/(3/8). Suppose -4*n + 0*k - 11 = -3*k, -4*n - 4*k + s = 0. What is the remainder when 2 is divided by n?
0
Let g = 84 - 49. Calculate the remainder when g is divided by 18.
17
What is the remainder when 3*(-2)/(-6) + 60 is divided by 32?
29
Suppose 0 = 2*b + 3*b - 20. Let m = -1 + b. Suppose -m*g = -2*g - 46. What is the remainder when g is divided by 16?
14
Let m(u) = 4*u - 2. Let q be 7/(-7) - (2 - 1). Calculate the remainder when q/((-3)/(-3)) + 28 is divided by m(4).
12
Let d(h) = -h**3 - h**2 + 4*h + 2. Suppose -5*i = -5*o - 40, 0 = i - 2*o - 3 - 6. Suppose -2*j = -i*j + 110. What is the remainder when j is divided by d(-3)?
6
Let i = 84 + -70. What is the remainder when 49 is divided by i?
7
Let q be -2 - 1*-1*4. Let y = 6 - q. What is the remainder when 10 is divided by y?
2
Let f be ((-12)/9)/(2/(-177)). Let y = f + -84. Calculate the remainder when y is divided by (-12 - (2 - 2))*-1.
10
Let x = 49 + 57. What is the remainder when x is divided by 11?
7
Let r = 0 + 30. Suppose 4*y + y - r = 0. Calculate the remainder when y is divided by 4.
2
Suppose -75 = -5*y + 45. Calculate the remainder when 95 is divided by y.
23
Suppose k + 9 = 50. Let c(w) = -w + 2. Let s be c(5). What is the remainder when k is divided by 4*s/(-4) - -11?
13
Let y = 43 + -22. What is the remainder when 41 is divided by y?
20
Suppose -3*j = -w + 5*w, -4*w = 0. Suppose j = -2*y + 7*y - 85. What is the remainder when y is divided by 6?
5
Suppose -y = -4, 2*y = -3*x + 12 + 62. Let i = -16 + x. Calculate the remainder when i is divided by 2.
0
Suppose -5*u = -5*o - 40, 16 + 10 = 3*u - 4*o. What is the remainder when 15 is divided by u?
3
Let p(a) = -a**3 - 5*a**2 - a. Suppose -5*s - 11 = -3*q - s, -29 = -5*q + 4*s. Suppose 2*i + q = 5*i. Calculate the remainder when p(-5) is divided by i.
2
Suppose 4*a - 134 = 126. Suppose 4*c = -c + a. What is the remainder when 38 is divided by c?
12
Suppose -3 = 4*q - 15. Let k(c) = 2*c - 3. What is the remainder when 5 is divided by k(q)?
2
Let m(r) = 5*r**2 - 1. What is the remainder when 10 is divided by m(-1)?
2
Suppose -10*c + 11*c = 36. Calculate the remainder when c is divided by 13.
10
Suppose 0*r + 76 = 2*r. Let l = -265 + 279. What is the remainder when r is divided by l?
10
Suppose -16 = 4*d, 5*o + 2*d = -68 + 265. Calculate the remainder when 120 is divided by o.
38
Let z be (-24)/28*1*-49. Calculate the remainder when 1*z*(-4 - -5) is divided by 15.
12
Let k = -16 - -31. What is the remainder when (-109)/(-4) + (-2)/8 is divided by k?
12
Let n(w) = -w**2 + 10*w + 26. What is the remainder when 49 is divided by n(11)?
4
Let t(x) = -6*x + 5. Let i be t(-3). Let w = 44 - i. Calculate the remainder when w is divided by 26/4 - (-2)/(-4).
3
Let g = 208 + -134. What is the remainder when g is divided by 15?
14
Suppose 3*w + 0*w - 260 = 2*f, 5*f + 349 = 4*w. What is the remainder when w is divided by 22?
20
Let k = -16 - -29. Calculate the remainder when k is divided by 4.
1
Suppose 2*d + 2*d = -w + 24, 5*d - 25 = 0. What is the remainder when 5 is divided by w?
1
Suppose l - 3*l + 46 = 0. Calculate the remainder when l is divided by 9/(6/(-4) - -3).
5
Let v = 27 - 15. Calculate the remainder when 21 is divided by v.
9
Suppose 2*s = 3*f, 4*s = f - 6 + 16. Calculate the remainder when f/3 - (-154)/21 is divided by (-6)/(-4 + 1 + 1).
2
Let u = 34 + -18. Let j = -14 + 23. What is the remainder when u is divided by j?
7
Let w be (8/(-5))/(1/5). Let a = 19 + w. Calculate the remainder when a is divided by 4.
3
Let q be -1*(0 - 3 - 0). Suppose 0 = -q*u + 23 + 22. What is the remainder when 28 is divided by u?
13
Let j(w) = 19*w**2 - 4*w - 1. Let g(k) = -k. Let h(d) = -4*g(d) + j(d). Let s be -2 + (3 - -2 - 4). Calculate the remainder when 35 is divided by h(s).
17
Let v = 5 + -1. What is the remainder when 14 is divided by v?
2
Let o(u) = -4 + 2 - 4*u + 4 + 2*u**2 - 5. Let y = -1 - -6. What is the remainder when o(4) is divided by y?
3
Let t(f) = 74*f - 6. Let q be t(3). Suppose 0 = -4*y - 0*y + q. Calculate the remainder when y is divided by 19.
16
Suppose -k + 2*i = k - 22, -3*i = -5*k + 47. Suppose -5*p - 2*a + 50 = -0*a, 3*p + 4*a - 44 = 0. What is the remainder when 3*k - (0 + -1) is divided by p?
6
Suppose -10 - 20 = -3*p. Suppose v = -0*v + 4*i + 30, 9 = -3*i. What is the remainder when v is divided by p?
8
Let o(m) = m**3 + 15*m**2 - 18*m + 5. What is the remainder when o(-16) is divided by 23?
14
Let g be (-1 - -34)*(-3 + 2). What is the remainder when (16/12)/((-2)/g) is divided by 8?
6
Let y(a) = -a**3 + 9*a**2 + 10*a + 11. Let t be y(10). Let n(x) = x**2 - 7*x - 2. What is the remainder when n(t) is divided by 11?
9
Suppose 4*v - 41 = 3. What is the remainder when 30 is divided by v?
8
Let d = 6 + -8. Let v be (-1)/((-1)/(d + 4)). Suppose 0 = 3*o - v*w - 8, -w - 9 = -4*o - 0*w. What is the remainder when 4 is divided by o?
0
Let d = 4 - 6. Calculate the remainder when 5 is divided by (-96)/8*d/6.
1
Let q = 42 + -33. Calculate the remainder when 35 is divided by q.
8
Suppose -2*o = -0*g + 2*g - 72, -o - 26 = -g. What is the remainder when g is divided by 16?
15
Let i(u) = -6*u**2 - 7 - 3*u**3 + 0*u**3 + 3 + 7*u + 4*u**3. Let q be i(5). Calculate the remainder when 54 is divided by 85/q - 1/6.
12
Suppose -5*m + 278 = 3. Suppose 38 = -9*o + 11*o. What is the remainder when m is divided by o?
17
What is the remainder when 41 is divided by 44/4*(1 + 1)?
19
Suppose 91 = 2*i + i + 4*u, i - 37 = -3*u. Calculate the remainder when ((-146)/6)/((-1)/3) is divided by i.
23
Let u(g) = 2*g - 33. Calculate the remainder when 9 is divided by u(19).
4
Suppose -4*t + 2*k + 36 = 0, 2*t - 3*t - 1 = 2*k. Calculate the remainder when 12 is divided by t.
5
Suppose 0 = t - z + 3*z - 37, 109 = 3*t + 5*z. Calculate the remainder when t is divided by 6.
3
What is the remainder when (-4 - (-16)/(-4))/(-2) is divided by 2?
0
Let h(r) = 9*r**2 + 25*r + 18. Let t(f) = -4*f**2 - 13*f - 9. Let w(j) = 2*h(j) + 5*t(j). What is the remainder when -5*3*(-14)/6 is divided by w(-6)?
8
Let n = 33 + 102. Calculate the remainder when n is divided by 34.
33
Suppose 0 = z - 6*z. Suppose 5*j + 166 = 2*n - z*n, 4*n - 3*j - 318 = 0. What is the remainder when n is divided by 27?
24
Suppose -4*m + 5 = 4*o - 15, 2*m - 14 = 2*o. Let y(n) = -n**3 + 18*n**2 - 15*n - 23. What is the remainder when y(17) is divided by m?
5
Let n = -165 - -242. What is the remainder when n is divided by 40?
37
Let j be (-5)/(-2 + 3) + -1. Let x be (j - -9) + (1 - 40). Let z = x - -66. Calculate the remainder when z is divided by 8.
6
Let q = 15 - -1. Let j be (-2 + (-6)/(-15))/(10/(-25)). Suppose 12 + q = 4*n + j*o, -o = -2*n + 8. What is the remainder when 18 is divided by n?
3
Suppose 15*f = 14*f + 76. Suppose -v - 59 = -2*a, -a + f = 2*a - 4*v. Calculate the remainder when a is divided by 12.
8
Let r = -1 + 21. Calculate the remainder when 55 is divided by r.
15
Suppose 8 = -2*i, i - 17 = -m - i. Let w = m + -16. What is the remainder when 26 is divided by w?
8
Let q be 10*(0 + 29/2). Let l = -61 + q. Let p = l - 43. What is the remainder when p is divided by 14?
13
Let y(z) = z**3 + 6*z**2 + 3*z - 7. Let j be y(-5). Suppose 2*h - 40 = -j*h. Calculate the remainder when 6 is divided by 22/h - 5/(-20).
0
Suppose 5*i = -2*w - 1, 0 = -w - 4*w + i + 38. Calculate the remainder when 61 is divided by w.
5
Let h(t) = -4*t**2 - t**3 - 2*t**2 - 3*t + 6*t - 3. Calculate the remainder when 74 is divided by h(-7).
24
Suppose -4*l + l = 0. Suppose -g - 4*g + 255 = l. Suppose 5*o + j = 102, -3*j + 7*j - g = -3*o. Calculate the remainder when 40 is divided by o.
19
Suppose 8*o = 3*o - 40. Let u = o + 11. Calculate the remainder when 9 is divided by u.
0
Let v = 10 - 3. Let r(g) = g**3 - 8*g**2 - 8*g + 4. Suppose f + 5 = 14. What is the remainder when r(f) is divided by v?
6
Let h be -2*2*10/(-8). Suppose -h*c = -r - 19, -r - 11 = -6*c + 3*c. What is th